
Let w be 27 + (6 + -22)/4. Suppose 0 = -w*b + 2*b + 8106. What are the prime factors of b?
2, 193
Let l = -232 + 86. Let y = 146 + l. Suppose -244 = -y*x - x. What are the prime factors of x?
2, 61
Let b(f) = -14*f + f**3 + 9*f**2 + 8*f**2 + 9*f - 11*f - 27. Let i be b(-18). What are the prime factors of (3 - 4)*-2*(2 - i)?
2, 5, 13
Suppose 2*r - 5*w + 3*w = -74, r + 29 = 5*w. Let n = r - -39. Suppose d - 5*i - 69 - 33 = n, 0 = -3*i - 3. What are the prime factors of d?
97
Let y(k) = -k**2 + 47*k + 27. Let c = 560 + -544. What are the prime factors of y(c)?
523
Let z(d) = 733*d**2 - 6*d - 6. Let v be z(-1). Suppose v*y - 4433 = 720*y. What are the prime factors of y?
11, 31
Let f = -3427 + 311. Let y = 4533 + f. What are the prime factors of y?
13, 109
Suppose -5*m = -k + 14286, -5*k = -7*k - m + 28484. List the prime factors of k.
2, 17, 419
What are the prime factors of 3/2*(-3 + 15*9506/18)?
2, 5939
Let s(v) be the first derivative of -16 + v - 1/2*v**2 + 13/3*v**3. List the prime factors of s(3).
5, 23
Let i = 130 - 127. Suppose -2*k + i*t + 485 = 0, 0*t = -4*t + 20. List the prime factors of k.
2, 5
Let q be (2 - 3 - -3)/(6/24). Suppose 3*n = -q*n + 693. List the prime factors of n.
3, 7
What are the prime factors of (10 + ((-46408)/(-6) - 1))*(2 + 1)?
13, 1787
Suppose -183*c + 184*c - 2843 = 0. What are the prime factors of c?
2843
Suppose 2*m = -138 + 26. Let r = 152 - m. Let u = r - 92. List the prime factors of u.
2, 29
Let p(b) = b**2 - 8*b - 4. Let r be p(2). What are the prime factors of -1 - (-120)/r*392/(-10)?
293
Suppose 0*g + 3*g = p - 234, 5*p + 2*g - 1119 = 0. Let u be 30/p + (-4534)/30. Let a = u - -211. List the prime factors of a.
2, 3, 5
Let k be (-105 + 113)*(-2)/16. Let s = -23 + 13. What are the prime factors of -120*((s/(-8))/5 + k)?
2, 3, 5
Let t = 3749 + -1417. List the prime factors of t.
2, 11, 53
What are the prime factors of (-28422)/(-15)*((-138)/(-18) - 6)?
2, 1579
Suppose -2*w - 2*y - 2860 = -12802, 4*w - 6*y - 19924 = 0. What are the prime factors of w?
5, 199
Suppose x - 45 = -4*p, 2*p - 1 = 3*p. List the prime factors of x - 49 - (-73)/1.
73
Suppose -4*k - k - 1555 = 0. Let q = k + 481. Suppose 5*d = 5*c + q, 4*d + 2*c - 200 = -46. What are the prime factors of d?
37
Let x(b) be the first derivative of b**3 + 5*b**2 + 20*b + 81. What are the prime factors of x(-6)?
2, 17
Suppose 0 = -4*g + 5*n + 39 + 95, g - 2*n - 32 = 0. Let f = -37 + g. List the prime factors of f*((-330)/3)/2.
5, 11
Let f be 14 + -6 - 1*-4. Suppose f*w - 15*w = 45. List the prime factors of w/(-25) + (-2624)/(-10).
263
Suppose -172*v + 7799 = -171*v. Suppose 7*c = -4*c + v. List the prime factors of c.
709
Suppose 0 = -h + 3*h + 13*i - 41917, -5*i - 42007 = -2*h. What are the prime factors of h?
3, 6997
Suppose -2*w + 2 = -2*j, -j + 5*w = j + 14. Suppose -j*t = 4*k - 38, -32 = -2*t + k - 5*k. Suppose 428 = -2*l + t*l. List the prime factors of l.
107
What are the prime factors of 164*(9/(-45))/(4/(-275))?
5, 11, 41
Let j be (2156/(-55))/((-1)/5). Suppose -g + 2*a = -99, j + 275 = 5*g + 2*a. What are the prime factors of g?
5, 19
Suppose -6 = 3*p, 2*z = -5*p + p + 4160. List the prime factors of z.
2, 521
Suppose -3*u + 5*h = -32, -20 = 2*u - 5*u + 2*h. Let x be (-8)/(-2) + 18 + -22. Suppose 5*y - 5 = x, -u*r - 2*y = -2*r - 100. What are the prime factors of r?
7
List the prime factors of (-71822)/(-27) - (-208)/(-2808).
2, 5, 7, 19
Let b = 46 + -41. Suppose p - 3*r + 3 = 0, 22 = -p + b*p + 5*r. Suppose -z + 114 + 21 = 2*x, 4*x = -p*z + 271. List the prime factors of x.
67
Let z(i) = -142*i. Let y be 3/2*(-30)/45. Let k be z(y). Let c = -23 + k. What are the prime factors of c?
7, 17
What are the prime factors of (((-91)/(-14))/(-13))/(9/(-131886))?
17, 431
Suppose -17*h - 4*f = -15*h - 10472, 5*h - 3*f = 26193. What are the prime factors of h?
2, 3, 97
Suppose -3*x = 13*p - 18*p + 132915, -5*x + 106295 = 4*p. What are the prime factors of p?
2, 3, 5, 443
Suppose 0 = -15*f + 95861 - 10646. What are the prime factors of f?
13, 19, 23
Let j = 22543 - 10563. What are the prime factors of j?
2, 5, 599
Let p be (-4)/(((-12)/9)/(-2)). Let j(c) = 6*c**2 + 13*c + 28. List the prime factors of j(p).
2, 83
Let y be -5*4/(-200) - (-1899)/10. Let v = 236 - y. List the prime factors of v.
2, 23
Let f(h) = 7*h**2 + 6*h + 5. Let c be f(-5). Let u = 776 - c. List the prime factors of u.
2, 313
Let r be (-12)/(-54) + (-506)/9. Let o = r + 56. Suppose 2*b - 32 - 64 = o. What are the prime factors of b?
2, 3
Suppose -5*l + 4*v - 7 = -38, -v + 2 = 2*l. Suppose -2*i + 5*n = 28, i - l*n - n + 20 = 0. What are the prime factors of i*22*22/(-44)?
2, 11
Suppose 0 = -2*l - 119 + 21. Let t = l + 52. Suppose -2*n = 5*s - 237, 0*n - 298 = -t*n + 4*s. List the prime factors of n.
2, 53
Let u = 206 + -203. Suppose -w = 2*l - 429, 806 = u*w + l - 491. What are the prime factors of w?
433
Let b be (-24)/(-11) + (-38)/209. Suppose 5*h + 3*f = 5035, 0*f + b*f - 10 = 0. List the prime factors of h.
2, 251
Let j(f) = 82*f**2 + 115*f - 1260. What are the prime factors of j(11)?
3, 1103
Let k = 16401 + -7594. What are the prime factors of k?
8807
Suppose 0*a = 5*a - 265. Let w = 98 - a. List the prime factors of 9/w - (-1248)/10.
5
Suppose 5*t - 9 + 15 = -2*r, 4*t = 5*r - 18. List the prime factors of (4*2589/48)/(r/8).
863
Suppose 46783 = 3*s - x, x - 340 + 344 = 0. What are the prime factors of s?
31, 503
Let k(h) = 801*h + 2101. List the prime factors of k(16).
7, 2131
Suppose -5*t = -4627 + 172. List the prime factors of t.
3, 11
What are the prime factors of -6 - (-39425)/19 - -3?
2, 7, 37
Let z = -3411 + 19171. List the prime factors of z.
2, 5, 197
Let i(o) = 52*o**3 - o**2 + 204*o - 1368. List the prime factors of i(7).
3, 661
Let h be (-62)/(-22) + -3 - 3678/(-22). Suppose -19 = s + h. Let d = s - -293. What are the prime factors of d?
107
Let c(l) = -l**3 - 39*l**2 - 6*l - 38. What are the prime factors of c(-42)?
2, 2753
Let w be ((-30)/(-45))/((-2)/30). Let i be -18*(335/w + 4). Suppose -7*u + 78 = -i. What are the prime factors of u?
3, 29
Let v = -25294 - -42330. List the prime factors of v.
2, 4259
Suppose 0 = -5*a - 2*g + 32601, -7*g + 3*g = 2*a - 13050. What are the prime factors of a?
3, 41, 53
Suppose -2*t + 378 = l, -4*l + 4*t + 0*t + 1476 = 0. Suppose 45*o - 39*o - l = 0. What are the prime factors of o?
2, 31
Let j(t) = 138*t - 29. Let y be j(17). Suppose 8*s - y = s. List the prime factors of s.
331
What are the prime factors of 10 - (406162/(-10) + (-378)/(-315))?
5, 13
Suppose 0 = -9*g + 28*g + 38. List the prime factors of ((-8)/(256/(-824)))/(g/(-16)).
2, 103
What are the prime factors of ((-52)/351)/(-2) - 2202760/(-108)?
2, 5099
List the prime factors of ((-558)/12)/((-6797)/1694 - -4).
11, 31
Let a(x) = -22*x**2 - 4*x - 2. Let l(n) = -23*n**2 - 4*n - 1. Let w(j) = -3*a(j) + 2*l(j). Let t be w(-4). Let c = t - 218. List the prime factors of c.
2, 3, 5
Let j(r) be the third derivative of -r**4/24 + 31*r**3/6 + r**2. Suppose -4*u + 580 - 580 = 0. What are the prime factors of j(u)?
31
Let w = -33 + 37. Let v(i) = -10*i - 3. Let d be v(w). Let x = d - -116. What are the prime factors of x?
73
Let r = 251 + -252. Let f(b) = 533*b**2 - 6*b - 5. What are the prime factors of f(r)?
2, 3, 89
Suppose 18690 = z + p, 37*z - 33*z = -p + 74766. What are the prime factors of z?
2, 4673
Suppose -2*r + 7*r = -5*l + 1130, l + 437 = 2*r. Let f = r - 157. List the prime factors of f.
2
Let x(q) = -11*q**2 - q + 1. Let s be x(-6). Let l = 932 - s. List the prime factors of l.
1321
Let x = 37593 - 12929. What are the prime factors of x?
2, 3083
Suppose 14*t - 18*t + o = -1318, -4 = -2*o. Suppose -g = 4*a - 3297, -4430 = -5*a + 3*g - t. What are the prime factors of a?
823
Suppose 2*i = -3*s - 9 + 25, -8 = -2*i + s. Suppose 2*q = -2*y + 222, -119 = -y - i*q - 0*q. What are the prime factors of y?
109
Let i be (-9)/(-27)*(0 - -6) - -30. Let k be i/(-12)*(14/(-8) - -1). Suppose -276 = -2*g - 2*t, 4*t - 164 - 118 = -k*g. List the prime factors of g.
3, 5
Let f(g) be the second derivative of 45*g + 0 + 31/2*g**3 - 13/2*g**2. List the prime factors of f(2).
173
Suppose 1365*w = 1401*w - 451656. What are the prime factors of w?
2, 3, 17, 41
Suppose 0 = -7*k - 0*k + 28.